{"id":343070,"date":"2015-07-29T10:41:40","date_gmt":"2015-07-29T10:41:40","guid":{"rendered":"http:\/\/demo.elated-themes.com\/moose1\/?page_id=343070"},"modified":"2021-10-07T18:09:57","modified_gmt":"2021-10-07T16:09:57","slug":"que-fem","status":"publish","type":"page","link":"https:\/\/mobilitatinternacional.santjust.net\/index.php\/que-fem\/","title":{"rendered":"Qu\u00e8 fem?"},"content":{"rendered":"<div class=\"wpb-content-wrapper\"><p>[vc_row row_type=&#8221;row&#8221; use_row_as_full_screen_section=&#8221;no&#8221; type=&#8221;full_width&#8221; text_align=&#8221;left&#8221; box_shadow_on_row=&#8221;no&#8221;][vc_column][no_vertical_split_slider disable_header_skin_change=&#8221;yes&#8221;][no_vertical_left_sliding_panel][no_vertical_slide_content_item background_image=&#8221;348442&#8243; alignment=&#8221;left&#8221;][\/no_vertical_slide_content_item][no_vertical_slide_content_item background_color=&#8221;#f7f7f7&#8243; item_padding=&#8221;7.4%&#8221; alignment=&#8221;center&#8221;]<div class=\"eltd_separator_with_icon with_custom_icon  center \" style=\"margin-bottom:48px\" data-line-width=\"43px\"><div class=\"eltd_icon_holder\" style=\"bottom:-22.5px;\"><div class=\"eltd_separator_icon_holder\"><div class=\"eltd_line_before\"  style=\"border-color: #dadada;border-bottom-width:2px;width:43px;border-style: solid;margin-bottom:-1px;margin-right:15px;\"><\/div><div class=\"separator_custom_icon\"><img decoding=\"async\" src=\"https:\/\/mobilitatinternacional.santjust.net\/wp-content\/uploads\/2015\/09\/favicon_PETIT.png\" alt=\"\" \/><\/div><div class=\"eltd_line_after\"  style=\"border-color: #dadada;border-bottom-width:2px;width:43px;border-style: solid;margin-bottom:-1px;margin-left:15px;\"><\/div><\/div><\/div><\/div>[vc_column_text]<\/p>\n<h2>NEVER STOP DREAMING<\/h2>\n<p>[\/vc_column_text][vc_separator type=&#8221;transparent&#8221; up=&#8221;15&#8243; up_style=&#8221;px&#8221; down=&#8221;0&#8243; down_style=&#8221;px&#8221;][vc_column_text]<\/p>\n<h4>La nostra finalitat \u00e9s oferir assessorament i orientaci\u00f3 a aquelles persones interessades en viatjar a l\u2019estranger en el marc de la Uni\u00f3 Europea i dels seus programes i projectes.<\/h4>\n<p>[\/vc_column_text][vc_separator type=&#8221;transparent&#8221; up=&#8221;60&#8243; up_style=&#8221;px&#8221; down=&#8221;0&#8243; down_style=&#8221;px&#8221;][no_elements_holder number_of_columns=&#8221;three_columns&#8221;][no_elements_holder_item item_padding=&#8221;0 30px 40px 0&#8243; aligment=&#8221;center&#8221; vertical_alignment=&#8221;top&#8221; enable_hover_effect=&#8221;no&#8221; advanced_animations=&#8221;no&#8221; elemnts_holder_frame=&#8221;no&#8221;]<span class=\"eltd_icon_shade eltd_icon_shortcode  roll_over simple_line_icons normal   \"  ><i class=\"eltd_icon_simple_line_icon icon-eye \" style=\"font-size: 45px;color: #00a89e;line-height:47px;color:#00a89e;\" data-color=\"#00a89e\" data-hover-color=\"#464646\" ><\/i><i class=\"eltd_icon_simple_line_icon icon-eye hover_icon\" style=\"font-size: 45px;color: #00a89e;line-height:47px;color:#00a89e; color:#464646!important;\" data-color=\"#00a89e\" data-hover-color=\"#464646\" ><\/i><\/span>[vc_separator type=&#8221;transparent&#8221; up=&#8221;20&#8243; up_style=&#8221;px&#8221; down=&#8221;0&#8243; down_style=&#8221;px&#8221;][vc_column_text]<\/p>\n<h5 style=\"text-align: center;\">Orientaci\u00f3<\/h5>\n<p>[\/vc_column_text][vc_separator type=&#8221;small&#8221; position=&#8221;center&#8221; color=&#8221;#dadada&#8221; border_style=&#8221;solid&#8221; width=&#8221;25&#8243; thickness=&#8221;2&#8243; up=&#8221;13&#8243; up_style=&#8221;px&#8221; down=&#8221;18&#8243; down_style=&#8221;px&#8221;][\/no_elements_holder_item][no_elements_holder_item item_padding=&#8221;0 30px 40px 0&#8243; aligment=&#8221;center&#8221; vertical_alignment=&#8221;top&#8221; enable_hover_effect=&#8221;no&#8221; advanced_animations=&#8221;no&#8221; elemnts_holder_frame=&#8221;no&#8221;]<span class=\"eltd_icon_shade eltd_icon_shortcode  roll_over simple_line_icons normal   \"  ><i class=\"eltd_icon_simple_line_icon icon-info \" style=\"font-size: 45px;color: #00a89e;line-height:47px;color:#00a89e;\" data-color=\"#00a89e\" data-hover-color=\"#464646\" ><\/i><i class=\"eltd_icon_simple_line_icon icon-info hover_icon\" style=\"font-size: 45px;color: #00a89e;line-height:47px;color:#00a89e; color:#464646!important;\" data-color=\"#00a89e\" data-hover-color=\"#464646\" ><\/i><\/span>[vc_separator type=&#8221;transparent&#8221; up=&#8221;20&#8243; up_style=&#8221;px&#8221; down=&#8221;0&#8243; down_style=&#8221;px&#8221;][vc_column_text]<\/p>\n<h5 style=\"text-align: center;\">Informaci\u00f3<\/h5>\n<p>[\/vc_column_text][vc_separator type=&#8221;small&#8221; position=&#8221;center&#8221; color=&#8221;#dadada&#8221; border_style=&#8221;solid&#8221; width=&#8221;25&#8243; thickness=&#8221;2&#8243; up=&#8221;13&#8243; up_style=&#8221;px&#8221; down=&#8221;18&#8243; down_style=&#8221;px&#8221;][\/no_elements_holder_item][no_elements_holder_item item_padding=&#8221;0 30px 40px 0&#8243; aligment=&#8221;center&#8221; vertical_alignment=&#8221;top&#8221; enable_hover_effect=&#8221;no&#8221; advanced_animations=&#8221;no&#8221; elemnts_holder_frame=&#8221;no&#8221;]<span class=\"eltd_icon_shade eltd_icon_shortcode  roll_over simple_line_icons normal   \"  ><i class=\"eltd_icon_simple_line_icon icon-plane \" style=\"font-size: 45px;color: #00a89e;line-height:47px;color:#00a89e;\" data-color=\"#00a89e\" data-hover-color=\"#464646\" ><\/i><i class=\"eltd_icon_simple_line_icon icon-plane hover_icon\" style=\"font-size: 45px;color: #00a89e;line-height:47px;color:#00a89e; color:#464646!important;\" data-color=\"#00a89e\" data-hover-color=\"#464646\" ><\/i><\/span>[vc_separator type=&#8221;transparent&#8221; up=&#8221;20&#8243; up_style=&#8221;px&#8221; down=&#8221;0&#8243; down_style=&#8221;px&#8221;][vc_column_text]<\/p>\n<h5 style=\"text-align: center;\">Viatja<\/h5>\n<p>[\/vc_column_text][vc_separator type=&#8221;small&#8221; position=&#8221;center&#8221; color=&#8221;#dadada&#8221; border_style=&#8221;solid&#8221; width=&#8221;25&#8243; thickness=&#8221;2&#8243; up=&#8221;13&#8243; up_style=&#8221;px&#8221; down=&#8221;18&#8243; down_style=&#8221;px&#8221;][\/no_elements_holder_item][\/no_elements_holder][vc_separator type=&#8221;transparent&#8221; up=&#8221;7&#8243; up_style=&#8221;%&#8221; down=&#8221;0&#8243; down_style=&#8221;%&#8221;][\/no_vertical_slide_content_item][no_vertical_slide_content_item background_image=&#8221;348516&#8243; alignment=&#8221;left&#8221;][\/no_vertical_slide_content_item][no_vertical_slide_content_item background_color=&#8221;#f7f7f7&#8243; alignment=&#8221;center&#8221;]<div class=\"eltd_separator_with_icon with_custom_icon  center \" style=\"margin-bottom:48px\" data-line-width=\"43px\"><div class=\"eltd_icon_holder\" style=\"bottom:-22.5px;\"><div class=\"eltd_separator_icon_holder\"><div class=\"eltd_line_before\"  style=\"border-color: #dadada;border-bottom-width:2px;width:43px;border-style: solid;margin-bottom:-1px;margin-right:15px;\"><\/div><div class=\"separator_custom_icon\"><img decoding=\"async\" src=\"https:\/\/mobilitatinternacional.santjust.net\/wp-content\/uploads\/2015\/09\/favicon_PETIT.png\" alt=\"\" \/><\/div><div class=\"eltd_line_after\"  style=\"border-color: #dadada;border-bottom-width:2px;width:43px;border-style: solid;margin-bottom:-1px;margin-left:15px;\"><\/div><\/div><\/div><\/div>[vc_column_text]<\/p>\n<h2>WANDERLUST<\/h2>\n<p>[\/vc_column_text][vc_separator type=&#8221;transparent&#8221; up=&#8221;7&#8243; up_style=&#8221;px&#8221; down_style=&#8221;px&#8221;][vc_column_text]<\/p>\n<h4>Tamb\u00e9 pret\u00e9n apropar totes les opcions de desenvolupament personal, formatiu i laboral a nivell internacional per tal de les donar resposta a les inquietuds internacionals dels\/les santjustencs\/ques.<\/h4>\n<p>[\/vc_column_text][vc_separator type=&#8221;transparent&#8221; up=&#8221;25&#8243; up_style=&#8221;px&#8221; down=&#8221;0&#8243; down_style=&#8221;px&#8221;][vc_column_text]El Servei de Mobilitat Internacional treballa per oferir oportunitats a les necessitats que sorgeixen des de l\u2019administraci\u00f3 p\u00fablica i que busquen beneficiar a totes les persones del municipi, independentment de la seva edat, g\u00e8nere, origen, religi\u00f3, nivell s\u00f2cio-econ\u00f2mic..[\/vc_column_text][vc_separator type=&#8221;transparent&#8221; up=&#8221;45&#8243; up_style=&#8221;px&#8221; down=&#8221;0&#8243; down_style=&#8221;px&#8221;][\/no_vertical_slide_content_item][\/no_vertical_left_sliding_panel][no_vertical_right_sliding_panel][no_vertical_slide_content_item background_color=&#8221;#f7f7f7&#8243; alignment=&#8221;center&#8221;][no_elements_holder number_of_columns=&#8221;one_column&#8221;][no_elements_holder_item item_padding=&#8221;0 13% 0 13%&#8221; aligment=&#8221;center&#8221; enable_hover_effect=&#8221;no&#8221; advanced_animations=&#8221;no&#8221; item_padding_1300_1600=&#8221;0 10% 0 10%&#8221; item_padding_1000_1300=&#8221;0 10% 0 10%&#8221; item_padding_768_1000=&#8221;80px 0&#8243; item_padding_600_768=&#8221;80px 0&#8243; item_padding_480_600=&#8221;80px 0&#8243; item_padding_480=&#8221;80px 0&#8243;]<div class=\"eltd_separator_with_icon with_custom_icon  center \" style=\"margin-bottom:48px\" data-line-width=\"43px\"><div class=\"eltd_icon_holder\" style=\"bottom:-22.5px;\"><div class=\"eltd_separator_icon_holder\"><div class=\"eltd_line_before\"  style=\"border-color: #dadada;border-bottom-width:2px;width:43px;border-style: solid;margin-bottom:-1px;margin-right:15px;\"><\/div><div class=\"separator_custom_icon\"><img decoding=\"async\" src=\"https:\/\/mobilitatinternacional.santjust.net\/wp-content\/uploads\/2015\/09\/favicon_PETIT.png\" alt=\"\" \/><\/div><div class=\"eltd_line_after\"  style=\"border-color: #dadada;border-bottom-width:2px;width:43px;border-style: solid;margin-bottom:-1px;margin-left:15px;\"><\/div><\/div><\/div><\/div>[vc_column_text]<\/p>\n<h2>QU\u00c8 FEM?<\/h2>\n<p>[\/vc_column_text][vc_separator type=&#8221;transparent&#8221; up=&#8221;26&#8243; up_style=&#8221;px&#8221; down=&#8221;0&#8243; down_style=&#8221;px&#8221;][vc_column_text]<\/p>\n<p style=\"text-align: center;\">El Servei de Mobilitat Internacional (SMI) \u00e9s un servei municipal que ofereix als i les ciutadanes de Sant Just Desvern la possibilitat de participar en projectes i oportunitats dels programes europeus <em>Erasmus+ i Cos Europeu de Solidaritat<\/em>. Tamb\u00e9 permet con\u00e8ixer totes les opcions de desenvolupament personal, formatiu i laboral que existeixen a nivell internacional.<\/p>\n<p>[\/vc_column_text][vc_separator type=&#8221;transparent&#8221; up=&#8221;15&#8243; up_style=&#8221;%&#8221; down=&#8221;0&#8243; down_style=&#8221;%&#8221;][\/no_elements_holder_item][\/no_elements_holder][\/no_vertical_slide_content_item][no_vertical_slide_content_item background_image=&#8221;348445&#8243; alignment=&#8221;left&#8221;][\/no_vertical_slide_content_item][no_vertical_slide_content_item background_color=&#8221;#f7f7f7&#8243; alignment=&#8221;center&#8221;][vc_separator type=&#8221;transparent&#8221; up=&#8221;20&#8243; up_style=&#8221;px&#8221; down=&#8221;0&#8243; down_style=&#8221;px&#8221;]<div class=\"eltd_separator_with_icon with_custom_icon  center \" style=\"margin-bottom:48px\" data-line-width=\"43px\"><div class=\"eltd_icon_holder\" style=\"bottom:-22.5px;\"><div class=\"eltd_separator_icon_holder\"><div class=\"eltd_line_before\"  style=\"border-color: #dadada;border-bottom-width:2px;width:43px;border-style: solid;margin-bottom:-1px;margin-right:15px;\"><\/div><div class=\"separator_custom_icon\"><img decoding=\"async\" src=\"https:\/\/mobilitatinternacional.santjust.net\/wp-content\/uploads\/2015\/09\/favicon_PETIT.png\" alt=\"\" \/><\/div><div class=\"eltd_line_after\"  style=\"border-color: #dadada;border-bottom-width:2px;width:43px;border-style: solid;margin-bottom:-1px;margin-left:15px;\"><\/div><\/div><\/div><\/div>[vc_column_text]<\/p>\n<h2>OBJECTIUS<\/h2>\n<p>[\/vc_column_text][vc_separator type=&#8221;transparent&#8221; up=&#8221;20&#8243; up_style=&#8221;px&#8221; down=&#8221;0&#8243; down_style=&#8221;px&#8221;][no_elements_holder number_of_columns=&#8221;two_columns&#8221; switch_to_one_column=&#8221;1000&#8243;][no_elements_holder_item item_padding=&#8221;10px&#8221; aligment=&#8221;center&#8221; vertical_alignment=&#8221;top&#8221; enable_hover_effect=&#8221;no&#8221; advanced_animations=&#8221;no&#8221; item_padding_768_1000=&#8221;80px 0 0 0&#8243; item_padding_600_768=&#8221;80px 0 0 0&#8243; item_padding_480_600=&#8221;80px 0 0 0&#8243; item_padding_480=&#8221;80px 0 0 0&#8243;][vc_column_text]<\/p>\n<p style=\"font-size: 12px; font-weight: 300; text-transform: inherit; text-align: left; line-height: 14px;\">Crear, organitzar, implementar i avaluar projectes europeus al marc del programa Erasmus+.<\/p>\n<p>&nbsp;<\/p>\n<p style=\"font-size: 12px; font-weight: 300; text-transform: inherit; text-align: left; line-height: 14px;\">Gestionar acords de col\u00b7laboraci\u00f3 pel desenvolupament de la participaci\u00f3 de persones de Sant Just Desvern en diferents projectes europeus.<\/p>\n<p>&nbsp;<\/p>\n<p style=\"font-size: 12px; font-weight: 300; text-transform: inherit; text-align: left; line-height: 14px;\">Assessorar individual i col\u00b7lectivament sobre oportunitats internacionals a tots els nivells: formatius, d\u2019ocupaci\u00f3, de subvenci\u00f3 per projectes locals, de voluntariat, de viatges d\u2019oci, de participaci\u00f3 europea, etc.<\/p>\n<p>[\/vc_column_text][\/no_elements_holder_item][no_elements_holder_item item_padding=&#8221;10px&#8221; aligment=&#8221;center&#8221; vertical_alignment=&#8221;top&#8221; enable_hover_effect=&#8221;no&#8221; advanced_animations=&#8221;no&#8221; item_padding_768_1000=&#8221;80px 0 0 0&#8243; item_padding_600_768=&#8221;80px 0 0 0&#8243; item_padding_480_600=&#8221;80px 0 0 0&#8243; item_padding_480=&#8221;80px 0 0 0&#8243;][vc_column_text]<\/p>\n<p style=\"font-size: 12px; font-weight: 300; text-transform: inherit; text-align: left; line-height: 14px;\">Gestionar el programa Cos Europeu de Solidaritat (CES) en capacitat de organitzaci\u00f3 coordinadora i d\u2019acollida. Aquest objectiu es dur a terme conjuntament amb el Casal de Joves de Sant Just Desvern.<\/p>\n<p>&nbsp;<\/p>\n<p style=\"font-size: 12px; font-weight: 300; text-transform: inherit; text-align: left; line-height: 14px;\">Cercar i difondre informaci\u00f3 sobre oportunitats en mat\u00e8ria de Mobilitat Internacional<\/p>\n<p>&nbsp;<\/p>\n<p style=\"font-size: 12px; font-weight: 300; text-transform: inherit; text-align: left; line-height: 14px;\">Participar en les xarxes de professionals de la mobilitat internacional en \u00e0mbit nacional i internacional<\/p>\n<p>[\/vc_column_text][vc_separator type=&#8221;transparent&#8221; up=&#8221;65&#8243; up_style=&#8221;px&#8221; down=&#8221;0&#8243; down_style=&#8221;px&#8221;][\/no_elements_holder_item][\/no_elements_holder][\/no_vertical_slide_content_item][no_vertical_slide_content_item background_image=&#8221;348444&#8243; alignment=&#8221;center&#8221;][\/no_vertical_slide_content_item][\/no_vertical_right_sliding_panel][\/no_vertical_split_slider][\/vc_column][\/vc_row]<\/p>\n<\/div>","protected":false},"excerpt":{"rendered":"<p>[vc_row row_type=&#8221;row&#8221; use_row_as_full_screen_section=&#8221;no&#8221; type=&#8221;full_width&#8221; text_align=&#8221;left&#8221; box_shadow_on_row=&#8221;no&#8221;][vc_column][no_vertical_split_slider disable_header_skin_change=&#8221;yes&#8221;][no_vertical_left_sliding_panel][no_vertical_slide_content_item background_image=&#8221;348442&#8243; alignment=&#8221;left&#8221;][\/no_vertical_slide_content_item][no_vertical_slide_content_item background_color=&#8221;#f7f7f7&#8243; item_padding=&#8221;7.4%&#8221; alignment=&#8221;center&#8221;][vc_column_text] NEVER STOP DREAMING [\/vc_column_text][vc_separator type=&#8221;transparent&#8221; up=&#8221;15&#8243; up_style=&#8221;px&#8221; down=&#8221;0&#8243; down_style=&#8221;px&#8221;][vc_column_text] La nostra finalitat \u00e9s oferir assessorament i orientaci\u00f3 a aquelles persones interessades en viatjar a l\u2019estranger en el marc de la Uni\u00f3 Europea i&#8230;<\/p>\n","protected":false},"author":1,"featured_media":0,"parent":0,"menu_order":0,"comment_status":"open","ping_status":"closed","template":"full_width.php","meta":{"footnotes":""},"_links":{"self":[{"href":"https:\/\/mobilitatinternacional.santjust.net\/index.php\/wp-json\/wp\/v2\/pages\/343070"}],"collection":[{"href":"https:\/\/mobilitatinternacional.santjust.net\/index.php\/wp-json\/wp\/v2\/pages"}],"about":[{"href":"https:\/\/mobilitatinternacional.santjust.net\/index.php\/wp-json\/wp\/v2\/types\/page"}],"author":[{"embeddable":true,"href":"https:\/\/mobilitatinternacional.santjust.net\/index.php\/wp-json\/wp\/v2\/users\/1"}],"replies":[{"embeddable":true,"href":"https:\/\/mobilitatinternacional.santjust.net\/index.php\/wp-json\/wp\/v2\/comments?post=343070"}],"version-history":[{"count":42,"href":"https:\/\/mobilitatinternacional.santjust.net\/index.php\/wp-json\/wp\/v2\/pages\/343070\/revisions"}],"predecessor-version":[{"id":348517,"href":"https:\/\/mobilitatinternacional.santjust.net\/index.php\/wp-json\/wp\/v2\/pages\/343070\/revisions\/348517"}],"wp:attachment":[{"href":"https:\/\/mobilitatinternacional.santjust.net\/index.php\/wp-json\/wp\/v2\/media?parent=343070"}],"curies":[{"name":"wp","href":"https:\/\/api.w.org\/{rel}","templated":true}]}}